{"id":7196,"date":"2025-07-23T12:35:58","date_gmt":"2025-07-23T15:35:58","guid":{"rendered":"https:\/\/drataritabeloti.com.br\/informacoes\/?page_id=7196"},"modified":"2025-08-18T18:00:31","modified_gmt":"2025-08-18T21:00:31","slug":"home","status":"publish","type":"page","link":"https:\/\/drataritabeloti.com.br\/informacoes\/","title":{"rendered":"Home"},"content":{"rendered":"\t\t<div data-elementor-type=\"wp-page\" data-elementor-id=\"7196\" class=\"elementor elementor-7196\" data-elementor-post-type=\"page\">\n\t\t\t\t<div class=\"elementor-element elementor-element-2e620809 e-flex e-con-boxed e-con e-parent\" data-id=\"2e620809\" data-element_type=\"container\" data-e-type=\"container\" data-settings=\"{&quot;background_background&quot;:&quot;classic&quot;}\">\n\t\t\t\t\t<div class=\"e-con-inner\">\n\t\t<div class=\"elementor-element elementor-element-3605ea51 e-con-full e-flex e-con e-child\" data-id=\"3605ea51\" data-element_type=\"container\" data-e-type=\"container\">\n\t\t\t\t<div class=\"elementor-element elementor-element-249d3187 elementor-widget elementor-widget-image\" data-id=\"249d3187\" data-element_type=\"widget\" data-e-type=\"widget\" data-widget_type=\"image.default\">\n\t\t\t\t<div class=\"elementor-widget-container\">\n\t\t\t\t\t\t\t\t\t\t\t\t\t\t\t<img fetchpriority=\"high\" decoding=\"async\" width=\"800\" height=\"800\" src=\"https:\/\/drataritabeloti.com.br\/informacoes\/wp-content\/uploads\/2022\/12\/Icone-Dra.Tarita-Beloti-PNG-1-1024x1024.png\" class=\"attachment-large size-large wp-image-2236\" alt=\"\" srcset=\"https:\/\/drataritabeloti.com.br\/informacoes\/wp-content\/uploads\/2022\/12\/Icone-Dra.Tarita-Beloti-PNG-1-1024x1024.png 1024w, https:\/\/drataritabeloti.com.br\/informacoes\/wp-content\/uploads\/2022\/12\/Icone-Dra.Tarita-Beloti-PNG-1-300x300.png 300w, https:\/\/drataritabeloti.com.br\/informacoes\/wp-content\/uploads\/2022\/12\/Icone-Dra.Tarita-Beloti-PNG-1-150x150.png 150w, https:\/\/drataritabeloti.com.br\/informacoes\/wp-content\/uploads\/2022\/12\/Icone-Dra.Tarita-Beloti-PNG-1-768x769.png 768w, https:\/\/drataritabeloti.com.br\/informacoes\/wp-content\/uploads\/2022\/12\/Icone-Dra.Tarita-Beloti-PNG-1.png 1534w\" sizes=\"(max-width: 800px) 100vw, 800px\" \/>\t\t\t\t\t\t\t\t\t\t\t\t\t\t\t<\/div>\n\t\t\t\t<\/div>\n\t\t\t\t<div class=\"elementor-element elementor-element-2be9e8fb elementor-widget elementor-widget-heading\" data-id=\"2be9e8fb\" data-element_type=\"widget\" data-e-type=\"widget\" data-widget_type=\"heading.default\">\n\t\t\t\t<div class=\"elementor-widget-container\">\n\t\t\t\t\t<h2 class=\"elementor-heading-title elementor-size-default\">REJUVENESCIMENTO FACIAL<\/h2>\t\t\t\t<\/div>\n\t\t\t\t<\/div>\n\t\t\t\t<div class=\"elementor-element elementor-element-5d28b425 elementor-widget elementor-widget-heading\" data-id=\"5d28b425\" data-element_type=\"widget\" data-e-type=\"widget\" data-widget_type=\"heading.default\">\n\t\t\t\t<div class=\"elementor-widget-container\">\n\t\t\t\t\t<h1 class=\"elementor-heading-title elementor-size-default\">Dra. Tarita Beloti<\/h1>\t\t\t\t<\/div>\n\t\t\t\t<\/div>\n\t\t<div class=\"elementor-element elementor-element-8ad63eb e-con-full e-flex e-con e-child\" data-id=\"8ad63eb\" data-element_type=\"container\" data-e-type=\"container\">\n\t\t<div class=\"elementor-element elementor-element-5ea0d7dc e-con-full e-flex e-con e-child\" data-id=\"5ea0d7dc\" data-element_type=\"container\" data-e-type=\"container\">\n\t\t\t\t<div class=\"elementor-element elementor-element-55920aa0 elementor-widget elementor-widget-text-editor\" data-id=\"55920aa0\" data-element_type=\"widget\" data-e-type=\"widget\" data-widget_type=\"text-editor.default\">\n\t\t\t\t<div class=\"elementor-widget-container\">\n\t\t\t\t\t\t\t\t\t<p>MENTORIAS<\/p>\t\t\t\t\t\t\t\t<\/div>\n\t\t\t\t<\/div>\n\t\t\t\t<\/div>\n\t\t<div class=\"elementor-element elementor-element-756019c3 e-con-full e-flex e-con e-child\" data-id=\"756019c3\" data-element_type=\"container\" data-e-type=\"container\">\n\t\t\t\t<div class=\"elementor-element elementor-element-59084100 elementor-widget elementor-widget-text-editor\" data-id=\"59084100\" data-element_type=\"widget\" data-e-type=\"widget\" data-widget_type=\"text-editor.default\">\n\t\t\t\t<div class=\"elementor-widget-container\">\n\t\t\t\t\t\t\t\t\t<p>CIRURGIAS EST\u00c9TICAS<\/p>\t\t\t\t\t\t\t\t<\/div>\n\t\t\t\t<\/div>\n\t\t\t\t<\/div>\n\t\t<div class=\"elementor-element elementor-element-6a8be90b e-con-full e-flex e-con e-child\" data-id=\"6a8be90b\" data-element_type=\"container\" data-e-type=\"container\">\n\t\t\t\t<div class=\"elementor-element elementor-element-56aef9f1 elementor-widget elementor-widget-text-editor\" data-id=\"56aef9f1\" data-element_type=\"widget\" data-e-type=\"widget\" data-widget_type=\"text-editor.default\">\n\t\t\t\t<div class=\"elementor-widget-container\">\n\t\t\t\t\t\t\t\t\t<p>HARMONIZA\u00c7\u00c3O<\/p>\t\t\t\t\t\t\t\t<\/div>\n\t\t\t\t<\/div>\n\t\t\t\t<\/div>\n\t\t\t\t<\/div>\n\t\t\t\t<\/div>\n\t\t<div class=\"elementor-element elementor-element-5652f6b1 e-con-full e-flex e-con e-child\" data-id=\"5652f6b1\" data-element_type=\"container\" data-e-type=\"container\">\n\t\t<div class=\"elementor-element elementor-element-184a3a64 e-con-full e-flex e-con e-child\" data-id=\"184a3a64\" data-element_type=\"container\" data-e-type=\"container\">\n\t\t\t\t<div class=\"elementor-element elementor-element-7a1d802b elementor-widget elementor-widget-image\" data-id=\"7a1d802b\" data-element_type=\"widget\" data-e-type=\"widget\" data-settings=\"{&quot;_animation&quot;:&quot;none&quot;,&quot;_animation_delay&quot;:500}\" data-widget_type=\"image.default\">\n\t\t\t\t<div class=\"elementor-widget-container\">\n\t\t\t\t\t\t\t\t\t\t\t\t\t\t\t\t<a href=\"https:\/\/wa.me\/5585982195556?text=%F0%9F%91%8BOl%C3%A1%2C%20tudo%20bem%3F%20Gostaria%20de%20agendar%20uma%20consulta%20com%20a%20Dra.%20Tarita%20Beloti.%20Consegui%20esse%20contato%20na%20Bio%20do%20instagram.%20\" target=\"_blank\" rel=\"nofollow\">\n\t\t\t\t\t\t\t<img decoding=\"async\" width=\"390\" height=\"500\" src=\"https:\/\/drataritabeloti.com.br\/informacoes\/wp-content\/uploads\/2025\/07\/AGENDE-SUA-CONSULTA.webp\" class=\"attachment-large size-large wp-image-7116\" alt=\"\" srcset=\"https:\/\/drataritabeloti.com.br\/informacoes\/wp-content\/uploads\/2025\/07\/AGENDE-SUA-CONSULTA.webp 390w, https:\/\/drataritabeloti.com.br\/informacoes\/wp-content\/uploads\/2025\/07\/AGENDE-SUA-CONSULTA-234x300.webp 234w\" sizes=\"(max-width: 390px) 100vw, 390px\" \/>\t\t\t\t\t\t\t\t<\/a>\n\t\t\t\t\t\t\t\t\t\t\t\t\t\t\t<\/div>\n\t\t\t\t<\/div>\n\t\t\t\t<\/div>\n\t\t<div class=\"elementor-element elementor-element-1929f6d e-con-full e-flex e-con e-child\" data-id=\"1929f6d\" data-element_type=\"container\" data-e-type=\"container\" data-settings=\"{&quot;background_background&quot;:&quot;video&quot;,&quot;background_video_link&quot;:&quot;https:\\\/\\\/www.youtube.com\\\/shorts\\\/c7fAKC_NZkU?feature=share&quot;,&quot;background_play_on_mobile&quot;:&quot;yes&quot;,&quot;background_privacy_mode&quot;:&quot;yes&quot;}\">\n\t\t<div class=\"elementor-background-video-container\">\n\t\t\t\t\t\t\t<div class=\"elementor-background-video-embed\" role=\"presentation\"><\/div>\n\t\t\t\t\t\t<\/div>\t\t<div class=\"elementor-element elementor-element-5f7748d1 elementor-widget elementor-widget-heading\" data-id=\"5f7748d1\" data-element_type=\"widget\" data-e-type=\"widget\" data-widget_type=\"heading.default\">\n\t\t\t\t<div class=\"elementor-widget-container\">\n\t\t\t\t\t<h2 class=\"elementor-heading-title elementor-size-default\"><a href=\"http:\/\/www.drataritabeloti.com.br\" target=\"_blank\" rel=\"nofollow\">Lipo de<br>papada<\/a><\/h2>\t\t\t\t<\/div>\n\t\t\t\t<\/div>\n\t\t\t\t<\/div>\n\t\t<div class=\"elementor-element elementor-element-5d9e5323 e-con-full e-flex e-con e-child\" data-id=\"5d9e5323\" data-element_type=\"container\" data-e-type=\"container\">\n\t\t\t\t<div class=\"elementor-element elementor-element-6b5d3cdf elementor-widget elementor-widget-image\" data-id=\"6b5d3cdf\" data-element_type=\"widget\" data-e-type=\"widget\" data-settings=\"{&quot;_animation&quot;:&quot;none&quot;}\" data-widget_type=\"image.default\">\n\t\t\t\t<div class=\"elementor-widget-container\">\n\t\t\t\t\t\t\t\t\t\t\t\t\t\t\t\t<a href=\"https:\/\/drataritabeloti.com.br\/lifting\/\" target=\"_blank\" rel=\"nofollow\">\n\t\t\t\t\t\t\t<img decoding=\"async\" width=\"390\" height=\"497\" src=\"https:\/\/drataritabeloti.com.br\/informacoes\/wp-content\/uploads\/2025\/07\/HARMONIZACAO-FIOS-1.webp\" class=\"attachment-large size-large wp-image-6856\" alt=\"\" srcset=\"https:\/\/drataritabeloti.com.br\/informacoes\/wp-content\/uploads\/2025\/07\/HARMONIZACAO-FIOS-1.webp 390w, https:\/\/drataritabeloti.com.br\/informacoes\/wp-content\/uploads\/2025\/07\/HARMONIZACAO-FIOS-1-235x300.webp 235w\" sizes=\"(max-width: 390px) 100vw, 390px\" \/>\t\t\t\t\t\t\t\t<\/a>\n\t\t\t\t\t\t\t\t\t\t\t\t\t\t\t<\/div>\n\t\t\t\t<\/div>\n\t\t\t\t<\/div>\n\t\t<div class=\"elementor-element elementor-element-383aa804 e-con-full e-flex e-con e-child\" data-id=\"383aa804\" data-element_type=\"container\" data-e-type=\"container\">\n\t\t\t\t<div class=\"elementor-element elementor-element-2376e55c elementor-widget elementor-widget-image\" data-id=\"2376e55c\" data-element_type=\"widget\" data-e-type=\"widget\" data-settings=\"{&quot;_animation&quot;:&quot;none&quot;,&quot;_animation_delay&quot;:600}\" data-widget_type=\"image.default\">\n\t\t\t\t<div class=\"elementor-widget-container\">\n\t\t\t\t\t\t\t\t\t\t\t\t\t\t\t\t<a href=\"https:\/\/wa.me\/5585982195556?text=%F0%9F%91%8BOl%C3%A1%2C%20tudo%20bem%3F%20Gostaria%20de%20saber%20mais%20sobre%20as%20mentorias%20com%20a%20Dra.%20Tarita%20Beloti\" target=\"_blank\" rel=\"nofollow\">\n\t\t\t\t\t\t\t<img loading=\"lazy\" decoding=\"async\" width=\"390\" height=\"500\" src=\"https:\/\/drataritabeloti.com.br\/informacoes\/wp-content\/uploads\/2025\/07\/MENTORIAS.webp\" class=\"attachment-large size-large wp-image-7110\" alt=\"\" srcset=\"https:\/\/drataritabeloti.com.br\/informacoes\/wp-content\/uploads\/2025\/07\/MENTORIAS.webp 390w, https:\/\/drataritabeloti.com.br\/informacoes\/wp-content\/uploads\/2025\/07\/MENTORIAS-234x300.webp 234w\" sizes=\"(max-width: 390px) 100vw, 390px\" \/>\t\t\t\t\t\t\t\t<\/a>\n\t\t\t\t\t\t\t\t\t\t\t\t\t\t\t<\/div>\n\t\t\t\t<\/div>\n\t\t\t\t<\/div>\n\t\t<div class=\"elementor-element elementor-element-ea1052c e-con-full e-flex e-con e-child\" data-id=\"ea1052c\" data-element_type=\"container\" data-e-type=\"container\">\n\t\t\t\t<div class=\"elementor-element elementor-element-67e0a962 elementor-widget elementor-widget-image\" data-id=\"67e0a962\" data-element_type=\"widget\" data-e-type=\"widget\" data-settings=\"{&quot;_animation&quot;:&quot;none&quot;,&quot;_animation_delay&quot;:200}\" data-widget_type=\"image.default\">\n\t\t\t\t<div class=\"elementor-widget-container\">\n\t\t\t\t\t\t\t\t\t\t\t\t\t\t\t<img loading=\"lazy\" decoding=\"async\" width=\"390\" height=\"500\" src=\"https:\/\/drataritabeloti.com.br\/informacoes\/wp-content\/uploads\/2025\/07\/ANTES-E-DEPOIS.webp\" class=\"attachment-large size-large wp-image-7112\" alt=\"\" srcset=\"https:\/\/drataritabeloti.com.br\/informacoes\/wp-content\/uploads\/2025\/07\/ANTES-E-DEPOIS.webp 390w, https:\/\/drataritabeloti.com.br\/informacoes\/wp-content\/uploads\/2025\/07\/ANTES-E-DEPOIS-234x300.webp 234w\" sizes=\"(max-width: 390px) 100vw, 390px\" \/>\t\t\t\t\t\t\t\t\t\t\t\t\t\t\t<\/div>\n\t\t\t\t<\/div>\n\t\t\t\t<\/div>\n\t\t<div class=\"elementor-element elementor-element-3863871a e-con-full e-flex e-con e-child\" data-id=\"3863871a\" data-element_type=\"container\" data-e-type=\"container\">\n\t\t\t\t<div class=\"elementor-element elementor-element-5c20b03 elementor-widget elementor-widget-image\" data-id=\"5c20b03\" data-element_type=\"widget\" data-e-type=\"widget\" data-settings=\"{&quot;_animation&quot;:&quot;none&quot;,&quot;_animation_delay&quot;:400}\" data-widget_type=\"image.default\">\n\t\t\t\t<div class=\"elementor-widget-container\">\n\t\t\t\t\t\t\t\t\t\t\t\t\t\t\t\t<a href=\"http:\/\/masculinos.drataritabeloti.com.br\" target=\"_blank\" rel=\"nofollow\">\n\t\t\t\t\t\t\t<img loading=\"lazy\" decoding=\"async\" width=\"390\" height=\"497\" src=\"https:\/\/drataritabeloti.com.br\/informacoes\/wp-content\/uploads\/2025\/07\/HARMONIZACAO-MASCULINA.webp\" class=\"attachment-large size-large wp-image-6871\" alt=\"\" srcset=\"https:\/\/drataritabeloti.com.br\/informacoes\/wp-content\/uploads\/2025\/07\/HARMONIZACAO-MASCULINA.webp 390w, https:\/\/drataritabeloti.com.br\/informacoes\/wp-content\/uploads\/2025\/07\/HARMONIZACAO-MASCULINA-235x300.webp 235w\" sizes=\"(max-width: 390px) 100vw, 390px\" \/>\t\t\t\t\t\t\t\t<\/a>\n\t\t\t\t\t\t\t\t\t\t\t\t\t\t\t<\/div>\n\t\t\t\t<\/div>\n\t\t\t\t<\/div>\n\t\t\t\t<\/div>\n\t\t\t\t\t<\/div>\n\t\t\t\t<\/div>\n\t\t<div class=\"elementor-element elementor-element-4224014 e-flex e-con-boxed e-con e-parent\" data-id=\"4224014\" data-element_type=\"container\" data-e-type=\"container\">\n\t\t\t\t\t<div class=\"e-con-inner\">\n\t\t\t\t<div class=\"elementor-element elementor-element-9a6e02b elementor-widget elementor-widget-text-editor\" data-id=\"9a6e02b\" data-element_type=\"widget\" data-e-type=\"widget\" data-widget_type=\"text-editor.default\">\n\t\t\t\t<div class=\"elementor-widget-container\">\n\t\t\t\t\t\t\t\t\t<p>Todos os direitos autorais reservados \u2013 2022\u00a0 Dra. Tarita<\/p><p>Tarita H.B Oliveira odontologia e est\u00e9tica eireli\u00a0 \u00a0cnpj : 19.131.089\/0001-53<\/p>\t\t\t\t\t\t\t\t<\/div>\n\t\t\t\t<\/div>\n\t\t\t\t\t<\/div>\n\t\t\t\t<\/div>\n\t\t\t\t<\/div>\n\t\t","protected":false},"excerpt":{"rendered":"<p>REJUVENESCIMENTO FACIAL Dra. Tarita Beloti MENTORIAS CIRURGIAS EST\u00c9TICAS HARMONIZA\u00c7\u00c3O Lipo depapada Todos os direitos autorais reservados \u2013 2022\u00a0 Dra. Tarita Tarita H.B Oliveira odontologia e est\u00e9tica eireli\u00a0 \u00a0cnpj : 19.131.089\/0001-53<\/p>\n","protected":false},"author":4,"featured_media":0,"parent":0,"menu_order":0,"comment_status":"closed","ping_status":"closed","template":"elementor_canvas","meta":{"footnotes":""},"class_list":["post-7196","page","type-page","status-publish","hentry"],"yoast_head":"<!-- This site is optimized with the Yoast SEO Premium plugin v19.1 (Yoast SEO v27.4) - https:\/\/yoast.com\/product\/yoast-seo-premium-wordpress\/ -->\n<title>Home - Harmoniza\u00e7\u00e3o Avan\u00e7ada em Fortaleza<\/title>\n<meta name=\"robots\" content=\"index, follow, max-snippet:-1, max-image-preview:large, max-video-preview:-1\" \/>\n<link rel=\"canonical\" href=\"https:\/\/drataritabeloti.com.br\/informacoes\/\" \/>\n<meta property=\"og:locale\" content=\"pt_BR\" \/>\n<meta property=\"og:type\" content=\"article\" \/>\n<meta property=\"og:title\" content=\"Home\" \/>\n<meta property=\"og:description\" content=\"REJUVENESCIMENTO FACIAL Dra. Tarita Beloti MENTORIAS CIRURGIAS EST\u00c9TICAS HARMONIZA\u00c7\u00c3O Lipo depapada Todos os direitos autorais reservados \u2013 2022\u00a0 Dra. Tarita Tarita H.B Oliveira odontologia e est\u00e9tica eireli\u00a0 \u00a0cnpj : 19.131.089\/0001-53\" \/>\n<meta property=\"og:url\" content=\"https:\/\/drataritabeloti.com.br\/informacoes\/\" \/>\n<meta property=\"og:site_name\" content=\"Harmoniza\u00e7\u00e3o Avan\u00e7ada em Fortaleza\" \/>\n<meta property=\"article:modified_time\" content=\"2025-08-18T21:00:31+00:00\" \/>\n<meta property=\"og:image\" content=\"https:\/\/drataritabeloti.com.br\/informacoes\/wp-content\/uploads\/2022\/12\/Icone-Dra.Tarita-Beloti-PNG-1.png\" \/>\n\t<meta property=\"og:image:width\" content=\"1534\" \/>\n\t<meta property=\"og:image:height\" content=\"1535\" \/>\n\t<meta property=\"og:image:type\" content=\"image\/png\" \/>\n<meta name=\"twitter:card\" content=\"summary_large_image\" \/>\n<meta name=\"twitter:label1\" content=\"Est. tempo de leitura\" \/>\n\t<meta name=\"twitter:data1\" content=\"2 minutos\" \/>\n<script type=\"application\/ld+json\" class=\"yoast-schema-graph\">{\"@context\":\"https:\\\/\\\/schema.org\",\"@graph\":[{\"@type\":\"WebPage\",\"@id\":\"https:\\\/\\\/drataritabeloti.com.br\\\/informacoes\\\/\",\"url\":\"https:\\\/\\\/drataritabeloti.com.br\\\/informacoes\\\/\",\"name\":\"Home - Harmoniza\u00e7\u00e3o Avan\u00e7ada em Fortaleza\",\"isPartOf\":{\"@id\":\"https:\\\/\\\/drataritabeloti.com.br\\\/informacoes\\\/#website\"},\"primaryImageOfPage\":{\"@id\":\"https:\\\/\\\/drataritabeloti.com.br\\\/informacoes\\\/#primaryimage\"},\"image\":{\"@id\":\"https:\\\/\\\/drataritabeloti.com.br\\\/informacoes\\\/#primaryimage\"},\"thumbnailUrl\":\"https:\\\/\\\/drataritabeloti.com.br\\\/informacoes\\\/wp-content\\\/uploads\\\/2022\\\/12\\\/Icone-Dra.Tarita-Beloti-PNG-1-1024x1024.png\",\"datePublished\":\"2025-07-23T15:35:58+00:00\",\"dateModified\":\"2025-08-18T21:00:31+00:00\",\"breadcrumb\":{\"@id\":\"https:\\\/\\\/drataritabeloti.com.br\\\/informacoes\\\/#breadcrumb\"},\"inLanguage\":\"pt-BR\",\"potentialAction\":[{\"@type\":\"ReadAction\",\"target\":[\"https:\\\/\\\/drataritabeloti.com.br\\\/informacoes\\\/\"]}]},{\"@type\":\"ImageObject\",\"inLanguage\":\"pt-BR\",\"@id\":\"https:\\\/\\\/drataritabeloti.com.br\\\/informacoes\\\/#primaryimage\",\"url\":\"https:\\\/\\\/drataritabeloti.com.br\\\/informacoes\\\/wp-content\\\/uploads\\\/2022\\\/12\\\/Icone-Dra.Tarita-Beloti-PNG-1.png\",\"contentUrl\":\"https:\\\/\\\/drataritabeloti.com.br\\\/informacoes\\\/wp-content\\\/uploads\\\/2022\\\/12\\\/Icone-Dra.Tarita-Beloti-PNG-1.png\",\"width\":1534,\"height\":1535},{\"@type\":\"BreadcrumbList\",\"@id\":\"https:\\\/\\\/drataritabeloti.com.br\\\/informacoes\\\/#breadcrumb\",\"itemListElement\":[{\"@type\":\"ListItem\",\"position\":1,\"name\":\"In\u00edcio\",\"item\":\"https:\\\/\\\/drataritabeloti.com.br\\\/informacoes\\\/\"},{\"@type\":\"ListItem\",\"position\":2,\"name\":\"Home\"}]},{\"@type\":\"WebSite\",\"@id\":\"https:\\\/\\\/drataritabeloti.com.br\\\/informacoes\\\/#website\",\"url\":\"https:\\\/\\\/drataritabeloti.com.br\\\/informacoes\\\/\",\"name\":\"Harmoniza\u00e7\u00e3o Avan\u00e7ada em Fortaleza\",\"description\":\"Dra. Tarita Beloti\",\"potentialAction\":[{\"@type\":\"SearchAction\",\"target\":{\"@type\":\"EntryPoint\",\"urlTemplate\":\"https:\\\/\\\/drataritabeloti.com.br\\\/informacoes\\\/?s={search_term_string}\"},\"query-input\":{\"@type\":\"PropertyValueSpecification\",\"valueRequired\":true,\"valueName\":\"search_term_string\"}}],\"inLanguage\":\"pt-BR\"}]}<\/script>\n<!-- \/ Yoast SEO Premium plugin. -->","yoast_head_json":{"title":"Home - Harmoniza\u00e7\u00e3o Avan\u00e7ada em Fortaleza","robots":{"index":"index","follow":"follow","max-snippet":"max-snippet:-1","max-image-preview":"max-image-preview:large","max-video-preview":"max-video-preview:-1"},"canonical":"https:\/\/drataritabeloti.com.br\/informacoes\/","og_locale":"pt_BR","og_type":"article","og_title":"Home","og_description":"REJUVENESCIMENTO FACIAL Dra. Tarita Beloti MENTORIAS CIRURGIAS EST\u00c9TICAS HARMONIZA\u00c7\u00c3O Lipo depapada Todos os direitos autorais reservados \u2013 2022\u00a0 Dra. Tarita Tarita H.B Oliveira odontologia e est\u00e9tica eireli\u00a0 \u00a0cnpj : 19.131.089\/0001-53","og_url":"https:\/\/drataritabeloti.com.br\/informacoes\/","og_site_name":"Harmoniza\u00e7\u00e3o Avan\u00e7ada em Fortaleza","article_modified_time":"2025-08-18T21:00:31+00:00","og_image":[{"width":1534,"height":1535,"url":"https:\/\/drataritabeloti.com.br\/informacoes\/wp-content\/uploads\/2022\/12\/Icone-Dra.Tarita-Beloti-PNG-1.png","type":"image\/png"}],"twitter_card":"summary_large_image","twitter_misc":{"Est. tempo de leitura":"2 minutos"},"schema":{"@context":"https:\/\/schema.org","@graph":[{"@type":"WebPage","@id":"https:\/\/drataritabeloti.com.br\/informacoes\/","url":"https:\/\/drataritabeloti.com.br\/informacoes\/","name":"Home - Harmoniza\u00e7\u00e3o Avan\u00e7ada em Fortaleza","isPartOf":{"@id":"https:\/\/drataritabeloti.com.br\/informacoes\/#website"},"primaryImageOfPage":{"@id":"https:\/\/drataritabeloti.com.br\/informacoes\/#primaryimage"},"image":{"@id":"https:\/\/drataritabeloti.com.br\/informacoes\/#primaryimage"},"thumbnailUrl":"https:\/\/drataritabeloti.com.br\/informacoes\/wp-content\/uploads\/2022\/12\/Icone-Dra.Tarita-Beloti-PNG-1-1024x1024.png","datePublished":"2025-07-23T15:35:58+00:00","dateModified":"2025-08-18T21:00:31+00:00","breadcrumb":{"@id":"https:\/\/drataritabeloti.com.br\/informacoes\/#breadcrumb"},"inLanguage":"pt-BR","potentialAction":[{"@type":"ReadAction","target":["https:\/\/drataritabeloti.com.br\/informacoes\/"]}]},{"@type":"ImageObject","inLanguage":"pt-BR","@id":"https:\/\/drataritabeloti.com.br\/informacoes\/#primaryimage","url":"https:\/\/drataritabeloti.com.br\/informacoes\/wp-content\/uploads\/2022\/12\/Icone-Dra.Tarita-Beloti-PNG-1.png","contentUrl":"https:\/\/drataritabeloti.com.br\/informacoes\/wp-content\/uploads\/2022\/12\/Icone-Dra.Tarita-Beloti-PNG-1.png","width":1534,"height":1535},{"@type":"BreadcrumbList","@id":"https:\/\/drataritabeloti.com.br\/informacoes\/#breadcrumb","itemListElement":[{"@type":"ListItem","position":1,"name":"In\u00edcio","item":"https:\/\/drataritabeloti.com.br\/informacoes\/"},{"@type":"ListItem","position":2,"name":"Home"}]},{"@type":"WebSite","@id":"https:\/\/drataritabeloti.com.br\/informacoes\/#website","url":"https:\/\/drataritabeloti.com.br\/informacoes\/","name":"Harmoniza\u00e7\u00e3o Avan\u00e7ada em Fortaleza","description":"Dra. Tarita Beloti","potentialAction":[{"@type":"SearchAction","target":{"@type":"EntryPoint","urlTemplate":"https:\/\/drataritabeloti.com.br\/informacoes\/?s={search_term_string}"},"query-input":{"@type":"PropertyValueSpecification","valueRequired":true,"valueName":"search_term_string"}}],"inLanguage":"pt-BR"}]}},"_links":{"self":[{"href":"https:\/\/drataritabeloti.com.br\/informacoes\/wp-json\/wp\/v2\/pages\/7196","targetHints":{"allow":["GET"]}}],"collection":[{"href":"https:\/\/drataritabeloti.com.br\/informacoes\/wp-json\/wp\/v2\/pages"}],"about":[{"href":"https:\/\/drataritabeloti.com.br\/informacoes\/wp-json\/wp\/v2\/types\/page"}],"author":[{"embeddable":true,"href":"https:\/\/drataritabeloti.com.br\/informacoes\/wp-json\/wp\/v2\/users\/4"}],"replies":[{"embeddable":true,"href":"https:\/\/drataritabeloti.com.br\/informacoes\/wp-json\/wp\/v2\/comments?post=7196"}],"version-history":[{"count":10,"href":"https:\/\/drataritabeloti.com.br\/informacoes\/wp-json\/wp\/v2\/pages\/7196\/revisions"}],"predecessor-version":[{"id":7209,"href":"https:\/\/drataritabeloti.com.br\/informacoes\/wp-json\/wp\/v2\/pages\/7196\/revisions\/7209"}],"wp:attachment":[{"href":"https:\/\/drataritabeloti.com.br\/informacoes\/wp-json\/wp\/v2\/media?parent=7196"}],"curies":[{"name":"wp","href":"https:\/\/api.w.org\/{rel}","templated":true}]}}